 = x**2 - 2 - 4 + 6 - 5 + 2*x. Calculate the remainder when l(7) is divided by 15.
13
Let n(l) be the first derivative of l**4/4 - 7*l**2/2 - 23*l + 203. Calculate the remainder when 328 is divided by n(5).
60
Suppose 1485*u - 2175 = 1639 - 844. Let t(z) = -z**2 - 6*z - 5. Let j be t(-4). Suppose -27 = -j*w - 3. What is the remainder when w is divided by u?
0
Let o = -366 + 413. Suppose 21*h = 18*h - 288. Calculate the remainder when o is divided by ((-1)/(-2))/((-15)/h)*5.
15
Let c = 4777 - 4687. What is the remainder when 1416 is divided by c?
66
Let l(a) = 3*a**3 + 208*a**2 - 144*a - 164. What is the remainder when l(-70) is divided by 22?
6
Let o = 21 + 12. Let h(c) = 3*c - 29. Let m be h(11). Suppose m*j + f = 88, -5*f + 25 = j - 4*f. Calculate the remainder when o is divided by j.
12
Let i = 19829 - 19817. What is the remainder when 1498 is divided by i?
10
Let x = 6042 + -5762. What is the remainder when 923 is divided by x?
83
Suppose -672*s - 105*s - 7980 + 27405 = 0. What is the remainder when 36424 is divided by s?
24
Calculate the remainder when 1032 is divided by (-236)/(9/12*1*(-8)/3).
88
Let z = -7 + 17. Suppose -2*u + 4 - 12 = 0, 3*u = -c - 69. Let p = 64 + c. Calculate the remainder when z is divided by p.
3
Let p = 1118 - -164. Suppose 26*s - p = -294. What is the remainder when s is divided by 4?
2
Let d = -46869 + 52295. What is the remainder when d is divided by 67?
66
Suppose -26*i - 33*i + 364 = -33*i. Calculate the remainder when 3386 is divided by i.
12
Let l(m) = 43*m + 615. What is the remainder when l(16) is divided by 11?
5
Let j(w) be the third derivative of 49*w**5/60 + w**4/24 + 3*w**2. Calculate the remainder when 14050/150 + (-2)/3 is divided by j(-1).
45
Suppose -4*l = -h - 100, -2*l - h + 60 = 10. Calculate the remainder when l is divided by ((-26)/20 - 322/(-2415))*-12.
11
Suppose 60*q = 49130 - 15530. Calculate the remainder when q is divided by 20.
0
Let r(f) = 141*f - 16. What is the remainder when r(3) is divided by 191?
25
Let y = -2285 - -2411. What is the remainder when y is divided by 51?
24
Let d = 158 - 302. Let l be (d/(-32))/(3/(-16)). Let q = l + 40. Calculate the remainder when 45 is divided by q.
13
Suppose s = -3*k - 2, -2*s + 5*k = -10 - 8. Suppose -s*o + 69 = 6*p - 3*p, 2*p = -2*o + 32. Let z = 90 + -54. Calculate the remainder when z is divided by o.
15
Suppose 2*z - 5*l - 3235 = 3845, 4*z - 5*l = 14160. Calculate the remainder when z is divided by 46.
44
Suppose 2*z - z = 14. Suppose -6276 = -13*s + 1589. Suppose -n = 10*n - s. Calculate the remainder when n is divided by z.
13
Let u be (-418)/(-5)*(-255)/(-102). Let j = u - 180. Calculate the remainder when 141 is divided by j.
25
Suppose -i - 86 = 2*k - 3*i, 181 = -4*k + i. Let h = 80 + k. Calculate the remainder when h is divided by 3 - -17 - (-4)/(-2).
16
What is the remainder when 57*-532*(-3)/36 is divided by 149?
143
Let l = 3521 + -3512. Let z be -12 + 2/2 + -1. What is the remainder when 176/z*(-1 + -2) is divided by l?
8
Suppose w - 14 = 2*z - 0*z, 5*w - 40 = 4*z. Calculate the remainder when (z - (-2 - 1))*-205 is divided by 69.
65
Let h(q) = 7*q**2 - 12*q - 301. Calculate the remainder when h(-18) is divided by 52.
51
Suppose 15*w = 26*w - 561. Suppose 45*d = w*d - 456. Calculate the remainder when d is divided by 20.
16
Suppose 25*n - 3717 - 6903 - 9280 = 0. What is the remainder when n is divided by 51?
31
Suppose 0 = 2*l - 2*q - 10, q + 21 = 3*l + 2*l. Suppose -l*n = 13 - 5. Calculate the remainder when (99/3 - 1) + n is divided by 16.
14
Suppose 90*z - 656 = 82*z. Suppose -1670 = 3*i - 6590. Calculate the remainder when z is divided by (-2)/9 - i/(-90).
10
Suppose -m = 2*m - 2*g + 8, -2*m + 4*g = 16. Suppose -17*p + 20*p = m, -2*p + 15 = 5*h. What is the remainder when 1/2*1*18 is divided by h?
0
Let x be (2 - 0)/(7/(-210)*3). Calculate the remainder when 212 is divided by (-16)/x*540/8.
50
What is the remainder when 1444 is divided by (6/(-9))/(136/330 + (-30)/55)?
4
Let l(p) = 81*p**2 + 158*p. Calculate the remainder when l(-5) is divided by 103.
102
Let l = -1175 - -553. Let d = -246 - l. Calculate the remainder when d is divided by 21.
19
Let x = 358 - 211. Suppose -4*l - 2*r + x = -7, 3*r = -3. What is the remainder when 151 is divided by l?
34
Suppose -5*a + 4*f + 3 = -4*a, -a + 2*f + 3 = 0. Suppose 39 = -5*g - a*l + 1, 5*l - 70 = 5*g. What is the remainder when 35 is divided by (-2)/(g/(-25)) + 13?
3
Suppose -3*k + 505 = 4*p, -5*k + 10*k - 2*p - 859 = 0. What is the remainder when (-1)/(0 + (-1)/41) is divided by k/18 + -1*(-6)/4?
8
Suppose -2*i = -28 - 26. What is the remainder when 359 + 1 - 116160/10560 is divided by i?
25
Let b = -34 - -57. Let x be ((-12)/5)/(13/(-65)). Suppose -a + 2*p = -x, -4*a + 8*a = 2*p + 36. Calculate the remainder when b is divided by a.
7
Suppose 54 + 182 = -4*m. Let x = m - -113. Suppose -3*l + 2*l + x = 0. Calculate the remainder when l is divided by 19.
16
Let m(d) be the first derivative of 42*d**3 + d**2/2 + 3*d + 31. Calculate the remainder when m(-1) is divided by 33.
29
Let s(i) = 8*i - 119. Suppose 0 = -21*k + 829 - 136. Calculate the remainder when s(k) is divided by 37.
34
Let r = -11574 - -11952. What is the remainder when r is divided by 221?
157
Let y = -11 + 13. Let f be (1*y)/(3 - (-35)/(-14)). Suppose 2*m = f*d + 252, 0 = -m - 3*d + 56 + 95. Calculate the remainder when m is divided by 23.
21
Let m be (1 - (-178)/(-6))/((-106)/954). Suppose -1404 = -6*l - m. What is the remainder when l is divided by 24?
23
Let l be (-5)/(3/2*(-10)/(-15)). Let i be ((-72)/l)/(6/30). Let z = i - -1. What is the remainder when z is divided by 19?
16
Let r be (36/(-8))/((-12)/16) + -4. Suppose -3*p + 28*u = 27*u - 18, 0 = -r*u - 6. What is the remainder when 162 is divided by p?
2
Suppose -2*d + 12*s - 7*s = 29, 3 = d + s. What is the remainder when 15 is divided by 656/96 + d/(-12)?
1
Suppose -2*z - 3353 = -5*p, -26*p + 5*z = -22*p - 2679. What is the remainder when p is divided by 39?
8
Suppose -2*b - 2*u = -1746, 0 = -75*b + 70*b - 2*u + 4371. What is the remainder when b is divided by 110?
105
Suppose 187*o = 182*o + 4*z + 153, -5*z = 2*o + 18. Let b = -455 - -767. What is the remainder when b is divided by o?
18
Let n = -21 + 47. Let z = 113 - 124. Let v = z + n. What is the remainder when 87 is divided by v?
12
Let l(b) = b**2 - 18*b - 28. Suppose 3*u = 49 + 20. What is the remainder when l(u) is divided by 31?
25
Let h be (-1)/(2 - 10/4). Let g be -20 + 19 + (-2)/2*-17. Suppose 0 = -s + h + g. What is the remainder when 32 is divided by s?
14
Let r be 864/10 - 6/15. Let q be -5 - (-2 + -1)/((-105)/140). What is the remainder when 173 is divided by 1*(-3)/q + r/3?
28
Suppose -135 = 4*a - 7*a. Calculate the remainder when (2412/(-27))/(28/(-42)) is divided by a.
44
Let b = -23305 + 23329. Calculate the remainder when 358 is divided by b.
22
Let s = 131 - 72. Suppose 204*l - 48 = n + 202*l, -3*n - 3*l - 153 = 0. Let r = s + n. What is the remainder when 35 is divided by r?
8
Suppose 3*g - 3*c - 2 - 19 = 0, g + c = 5. Calculate the remainder when 52 is divided by ((-14)/14)/(2/g) + 30.
25
Suppose -155*z - 62*z = -22785. What is the remainder when 1676 is divided by z?
101
Suppose 5*z - 882 = -z. Suppose 19 = k + 6*m - m, 4*m = 3*k - 133. What is the remainder when z is divided by k?
30
Let m(b) = 3*b**2 - 11*b - 182. Calculate the remainder when m(-7) is divided by 12.
6
Let f = 2205 + -761. Calculate the remainder when f is divided by 69.
64
Let i be ((-375)/2)/(5 - (-92)/(-16)). Let b = i + -213. Calculate the remainder when 589 is divided by b.
34
Let d = -82331 + 82354. Suppose 1224 = 4*n - 336. Calculate the remainder when n is divided by d.
22
Let w be (-51 - -64) + (-2)/(-1). Suppose -17*d + w*d + 112 = 0. Calculate the remainder when d is divided by 21.
14
Let k(d) = -9*d + 123. Let a be k(16). Let s(r) = r**2 + 13*r - 125. Calculate the remainder when 166 is divided by s(a).
37
Let v(y) = -1492 - 8*y + 2*y + 1476 + 8*y**2. Suppose 0 = 2*j - 3*t - 39, -3*j = -0*t - 5*t - 60. What is the remainder when v(-2) is divided by j?
13
Suppose 5*v - v = -v. Suppose 5*i - 403 - 522 = v. What is the remainder when i is divided by 21?
17
Suppose 0 = -2*w + 2*a - 35 + 411, -w - 3*a + 